 - -28) + -43 - 18
-23
Evaluate 2 - (0 - 11) - (-102 + 98).
17
What is the value of 59 - 49 - (15 - (-2 - 0))?
-7
What is the value of -29 + 41 + -12 - 1?
-1
Evaluate 44 - 37 - (13 + (-2 - 2)).
-2
Calculate (6 - (6 - (-1 + 1))) + 6 + 5.
11
Calculate (-13 + (6 - 4) + 0 - 2) + 2.
-11
Calculate -18 - (-35 - -10) - -4.
11
Calculate -12 - (-7 - (23 - 10)).
8
Calculate 3 + (61 - 67) + 0 + -5.
-8
What is the value of -10 + (-3 + -5 - (5 + -19)) + -20?
-24
26 + 11 - (-9 + 3 - (6 + -14))
35
What is -2 - (18 + -27 + -2 + 0 + -1)?
10
Calculate (20 - (11 + -7)) + -27.
-11
Evaluate 0 + 2 + -2 + -9 + 0 + 1.
-8
Evaluate 1 - (-5 - (-15 + -3)).
-12
What is 47 + 17 + -49 - (-1 + (3 - 4))?
17
Calculate (-9 - 10) + 9 + (7 - 5) - 12.
-20
1 + 5 + (26 - 52)
-20
-5 - 7 - (-11 + 26 + -21)
-6
What is -3 - 0 - (4 - (16 - 9))?
0
-1 + (-1 - (2 - -2 - (-2 - -5)))
-3
79 - -1 - (-2978 + 3021)
37
1 + 37 + (-36 - -12)
14
What is the value of 25 + (-29 - 25) + 20?
-9
-2 - -15 - (187 - 180) - -17
23
What is the value of 8 + -9 + 17 + 11 + -11?
16
Calculate 27 + -1 + (-208 - -204).
22
What is 6 - (7 + -5) - 2 - (-12 - -6)?
8
6 - (-20 - -56) - -7
-23
Evaluate 18 + 2 + 14 + -25.
9
Calculate 12 + (-9 - -7) + -1 + 0 + 0.
9
Evaluate (-1 - -7) + (0 - 1) + 4.
9
What is 15 + 13 + 0 + -11?
17
1 + 12 + (-5 - 0) + -1
7
What is (33 - 25) + 0 + -2 + 1?
7
What is the value of 0 - 7 - -7 - (19 - 15)?
-4
What is the value of (14 - (10 - (-10 + 11))) + -2?
3
What is 3 - -1 - (63 - 72)?
13
What is the value of (18 - 10) + 2 + (-5 - -20)?
25
Calculate 27 - (32 + (-11 - -2)).
4
Calculate 16 + 4 + -47 + 32.
5
Calculate (-1 + 1 - 9) + (65 - (-78 - -102)).
32
Calculate (18 - 10) + (3 - 5).
6
Evaluate (22 - 1) + (-142 - -117).
-4
Calculate 1 + (-30 - (10 + -24)).
-15
Calculate (12 - (0 + 1)) + (72 - (156 + -66)).
-7
What is the value of 5 + -10 + 4 - (-2 + -3) - -1?
5
What is the value of 8 + -28 + 35 - (1 - -5)?
9
2 + 27 - (-26 - (39 + -75))
19
What is the value of 16 - (21 - 3) - (5 + (-4 - -5))?
-8
What is the value of (13 + -22 - -6) + (24 - 20)?
1
What is the value of (-4 - -2) + -21 - (389 - 405)?
-7
(-32 - -11) + (28 - 15)
-8
What is the value of (9 - (-15 + 8 - (-16 - -6))) + 1?
7
17 + (14 - 42) + 24
13
Evaluate -2 - (7 - (-10 - -20) - 4).
5
Calculate -4 + -2 + (7 + -12 - 0) + 12.
1
Evaluate (-39 - -34) + 15 - 45.
-35
What is (1 - 6) + (12 - -30 - 10 - 14)?
13
-19 - (-28 + 7) - 1
1
Calculate (8 - (6 - (4 - 1))) + 33 + -56.
-18
Evaluate -11 + -2 + 7 - -16 - 35.
-25
What is -1 + (28 - 24) + 10?
13
Calculate 4 - (11 - (13 + -6)).
0
Calculate 8 + -13 + 14 + -4.
5
Evaluate (11 - (-7 + 5)) + (15 - 7).
21
12 + -1 + 53 + -53
11
What is 201 + -196 + (2 - (-2 + 6)) + 16?
19
Calculate (25 - 24) + 6 + 1.
8
Calculate -7 + (-6 + (-3 - -39) - (4 + 2)).
17
19 - (13 - 0) - -7
13
What is 1 - (-17 + 24 + 2 - (0 - -9))?
1
Evaluate -1 - (0 + -2 + 11 + -10).
0
-3 - (-7 + 12 + 5 + -5)
-8
What is -8 + (6 - (3 - 5)) + 3 + 5?
8
Evaluate 31 - (118 - 134 - (3 - 37)).
13
6 + 1 + 1137 + -1152
-8
What is -3 - -3 - -11 - -3 - 3?
11
Evaluate -7 - (-9 + 3 + (2 - 1) + 2).
-4
Calculate 10 - (3 - (-9 + 14)) - -2.
14
Evaluate 0 + -4 + 3 + -10 + (2 - -14).
5
What is (-10 + 20 + -1 + -18 - -9) + 3?
3
Evaluate 1 - ((-1 - -2 - -11) + (184 - 183)).
-12
Evaluate 7 - (24 - 18 - 28).
29
Calculate -5 + (33 + 12 - 1) + -17.
22
-6 + 0 + 3 + 6 + -9 + 6
0
What is the value of (-48 - (-31 - -3)) + 8?
-12
What is the value of (-1 - (6 + -13)) + -4 + (5 - -10)?
17
What is 17 + (1 - 13) + 7?
12
Evaluate 1 - (0 + 0) - ((-26 - -67) + -37).
-3
Evaluate (5 - ((2 - -17) + -20)) + 20 + -1.
25
Evaluate 6 + (-10 - (6 + (-10 - -2))) - -4.
2
What is 0 - (-7 + 7) - 6?
-6
Calculate 0 + (-6 - -13) - (10 - 7).
4
Evaluate (37 - 4) + (-2 - -2) + (1 - 11).
23
Calculate (34 - 6) + -1 - (6 - 0 - 0).
21
What is (0 + -1 - -2) + (12 - 11) - 6?
-4
What is the value of -5 + (20 - 2) - (2 - -49)?
-38
Calculate 123 + -110 + (-12 - 0).
1
Calculate 18 + -31 - -32 - (4 - -4).
11
Evaluate 3 - (12 - 25 - -24).
-8
Calculate 28 + (4 - 39 - -20).
13
What is (-6 - -7) + 4 + (2 - 4) + 5?
8
Evaluate (49 + -60 - (-8 - (-4 - -2))) + -6.
-11
What is the value of 6 - ((-7 - -14) + -15 - -4)?
10
Evaluate -10 + 19 - (25 + -8 + 6).
-14
What is the value of -16 + (11 - (-22 - 8))?
25
2 + 4 - (-2 + 0 + -2 - -8)
2
Evaluate 2 - 9 - 7 - (2 + 0 + -6).
-10
What is 13 + (27 - 14) + -50?
-24
Evaluate 1 - (-4 - 1 - (-38 - -38)).
6
(-19 - -20 - (-9 + 1 - -2)) + -23
-16
What is the value of -18 - -7 - -21 - 5?
5
5 - (-1 + 13) - (-1 - -11 - 3)
-14
Calculate -5 + 11 - (-1 + 7 - -5).
-5
-53 + (13 - -16) + 2
-22
Calculate (-1 - (-8 - 3)) + -9 - -11.
12
(31 - 38) + (-5 - 4)
-16
What is 0 - 4 - (-28 + 18 + 12)?
-6
What is 1 - -24 - (-803 - -827)?
1
What is the value of -8 - (6 + 0 + -2 + 15 + -23)?
-4
What is the value of -6 + (12 + -15 - (2 + 4))?
-15
What is the value of 3 + -16 + (125 - 133)?
-21
What is 21 - 14 - -8 - 18?
-3
16 - (11 + 17 + -13)
1
What is the value of (3 + 33 + 1 - 5) + (63 - 66)?
29
What is -84 + 88 + 3 + -29?
-22
What is the value of 2 + -1 + 0 + -3 + -68 + 54?
-16
What is -23 + 0 + 17 + -6?
-12
Evaluate 2 + 3 - (-28 + 26) - 0 - -8.
15
0 - -9 - (7 + 27 + -32)
7
What is the value of -7 - -2 - (59 - 49) - 8?
-23
What is the value of -11 - (-6 - (18 - 12))?
1
Calculate (14 - 5 - 11 - -9) + -6 - -3.
4
11 + -12 + -8 + 6 + -3 + -4
-10
What is 29 - (7 + -23 + 15 + -5)?
35
Calculate -2 - (3 - -6 - 11) - -14.
14
(7 - (-17 + 34) - -11) + -4
-3
What is 1 - (2 + 5 + -9 + 17)?
-14
What is the value of (0 - ((3 - 6) + -14 + 22)) + 6?
1
What is the value of 34 + -45 - (1 - 14 - -2)?
0
-7 + -4 + (-8 - (-10 + (-1 - -4)))
-12
29 - (-11 + 5 - 3 - -5 - 4)
37
-63 + 78 + (9 - 23)
1
(-16 - -3) + 1 + 7 + -3
-8
What is -26 + (-15 - -29) + 39?
27
What is the value of 8 - ((17 - 56) + 31 + 1 + 17)?
-2
What is the value of (-14 - 2) + -2 - (-10 + 5 - -1)?
-14
14 + (-47 - -18) + 20
5
What is the value of (12 - (5 + -2)) + (0 - 1) - -10?
18
What is -1 - (-22 + (-28 - -22))?
27
What is the value of (-1 - -9) + 0 + -12 + (-1 - -3)?
-2
What is the value of 5 + -1 + 0 + 5576 + -5541?
39
Calculate (16 - 23 - (-1 + 2)) + 1 + 10.
3
What is -4 - -25 - (30 - 21)?
12
Calculate ((5 - -1) + (18 - 28) - -9) + 18.
23
What is -7 - (1 + -16 - (36 - 29))?
15
Calculate 4 - (1 + (-3 - -12)).
-6
22 - (13 + -53 - -39)
23
Evaluate 20 + -16 + (4 - -1).
9
Evaluate 5 + 6 - (3 + -6) - 9 - 39.
-34
What is -3 - (1 + (6 - 11) + (-3 - -5))?
-1
What is the value of -4 - 8 - -10 - -7?
5
Evaluate (59 - 51) + (-4 - (10 - 1)).
-5
Evaluate (9 - (-10 - (8 + -28 - -9))) + -6.
2
Evaluate 7 + (3 - 7) + 11 + -25 + -2.
-13
Calculate -19 + 17 + 1 + 7.
6
Calculate (15 - (16 + -7)) + -1 + -2 + 3.
6
35 - (82 + (-58 - -19))
-8
Evaluate -5 + 9 + -5 + -7 - 10.
-18
What is 14 - (27 + -26 - (15 - 1))?
27
What is (183 - 199) + (-6 - 5)?
-27
Calculate (1 - 6) + (-21 - -16 - -6) + 13.
9
(0 - -3 - (0 + 1 - 0)) + -17
-15
Evaluate 0 - ((-6 - -4) + 4 + -1).
-1
What is (-257 - -276) + 0 + (1 - -1) + 0?
21
-28 + 48 + -15 + 15
20
15 + (-11 - 22 - -15)
-3
Calculate 19 + 2 + -12 + 2.
11
What is 6 + 1 + -2 + (-37 - -8 - 0)?
-24
40 + 26 + -36 + -27
3
What is the value of (15 - (11 - -6)) + -11 + 1?
-12
(-21 - 6) + 53 + -9
17
Calculate 17 - (-11 + (-13 - -3) - -10 - -9).
19
Calculate 6 - 1 - (-69 + 87).
-13
What is 542 + -556 - (3 + -2 + 9)?
-24
What is the value of -40 + (8 - -2) - (56 + -55)?
-31
What is the value of (113 - 127 - -7) + 1 + 0 + 8?
2
What is the value of (13 - (-1 + (-8 - -3) - -9)) + 16?
26
What is 1 - (-16 - 2) - (-2 + 0)?
21
What is the value of -16 + -5 + 15 + 0?
-6
4 + 2 + (-1 - (-8 - (-19 - -11)))
5
What is the value of 25 + -33 + (1 - -8) + (7 - 18)?
-10
Evaluate -2 + 13 + -8 + 1 + 4 + -40.
-32
What is the value of -3 + 4 - (-6 - (-1 - 11) - 13)?
8
Evaluate -10 + (-4 + 16 - 7).
-5
Evaluate -5 + 14 + (0 - -2) - -5 - 1.
15
What is the value of 4 - (-7 + 9) - -4?
6
What is 0 + 6 - (12 - (-7 + (14 - -7)))?
8
11 - (14 + 10) - (-3 - (-2 - -1))
-11
(14 - (-5 + -4)) + (-25 - -13)
11
What is (-6 - 1) + 3 + (-14 - -18) + 0?
0
What is (2 - 11) + (16 - 37) + 19?
-11
What is the value of 1 + (8 - (-5 - 0)) + 13 + -13?
14
Calculate 9 - (15 - (22 - -11)).
27
3 - (17 + 10 + -10 + -12)
-2
What is the value of (3 - 18) + -23 + 21?
-17
(187 - 180) + (-9 - (3 + 0))
-5
Calc